{"id":1847,"date":"2023-02-26T12:12:09","date_gmt":"2023-02-26T12:12:09","guid":{"rendered":"https:\/\/sinafricabiz.com\/?page_id=1847"},"modified":"2023-02-26T12:12:09","modified_gmt":"2023-02-26T12:12:09","slug":"bienvenue-sur-afrobridge","status":"publish","type":"page","link":"https:\/\/sinafricabiz.com\/index.php\/membership-join\/bienvenue-sur-afrobridge\/","title":{"rendered":"BIENVENUE SUR AFROBRIDGE"},"content":{"rendered":"<p>Merci d&#8217;avoir cr\u00e9\u00e9 un compte sur AFROBRIDGE.<\/p>\n<p>Veuillez <strong>v\u00e9rifier votre bo\u00eete e-mail<\/strong> en cliquant sur le <strong>lien de confirmation<\/strong> que nous vous avons envoy\u00e9 pour activer votre compte et profiter de votre <strong>ABONNEMENT GRATUIT<\/strong>.<\/p>\n<p>N&#8217;oubliez pas de vous reconnecter avec votre nom d&#8217;utilisateur et votre mot de passe apr\u00e8s la confirmation r\u00e9ussie de votre bo\u00eete e-mail. MERCI.<\/p>\n<p>&nbsp;<\/p>\n<p><em>Thanks to have created an account on AFROBRIDGE. please check your email box by clicking on the confirmation link we sent to activate your account and enjoy your free membership. Remember to login again with your user name and password after successful confirmation of your email box. THANK YOU.<\/em><\/p>\n","protected":false},"excerpt":{"rendered":"<p>Merci d&#8217;avoir cr\u00e9\u00e9 un compte sur AFROBRIDGE. Veuillez v\u00e9rifier votre bo\u00eete e-mail en cliquant sur le lien de confirmation que nous vous avons envoy\u00e9 pour activer votre compte et profiter de votre ABONNEMENT GRATUIT. N&#8217;oubliez pas de vous reconnecter avec votre nom d&#8217;utilisateur et votre mot de passe apr\u00e8s la confirmation r\u00e9ussie de votre bo\u00eete e-mail. MERCI. &nbsp; Thanks to have created an account on AFROBRIDGE. please check your email box by clicking on the confirmation link we sent to activate your account and enjoy your free membership. Remember to login again with your user name and password after successful confirmation of your email box. THANK YOU.<\/p>\n","protected":false},"author":1,"featured_media":0,"parent":1397,"menu_order":0,"comment_status":"closed","ping_status":"closed","template":"","meta":{"footnotes":""},"class_list":["post-1847","page","type-page","status-publish","hentry"],"_links":{"self":[{"href":"https:\/\/sinafricabiz.com\/index.php\/wp-json\/wp\/v2\/pages\/1847","targetHints":{"allow":["GET"]}}],"collection":[{"href":"https:\/\/sinafricabiz.com\/index.php\/wp-json\/wp\/v2\/pages"}],"about":[{"href":"https:\/\/sinafricabiz.com\/index.php\/wp-json\/wp\/v2\/types\/page"}],"author":[{"embeddable":true,"href":"https:\/\/sinafricabiz.com\/index.php\/wp-json\/wp\/v2\/users\/1"}],"replies":[{"embeddable":true,"href":"https:\/\/sinafricabiz.com\/index.php\/wp-json\/wp\/v2\/comments?post=1847"}],"version-history":[{"count":1,"href":"https:\/\/sinafricabiz.com\/index.php\/wp-json\/wp\/v2\/pages\/1847\/revisions"}],"predecessor-version":[{"id":1848,"href":"https:\/\/sinafricabiz.com\/index.php\/wp-json\/wp\/v2\/pages\/1847\/revisions\/1848"}],"up":[{"embeddable":true,"href":"https:\/\/sinafricabiz.com\/index.php\/wp-json\/wp\/v2\/pages\/1397"}],"wp:attachment":[{"href":"https:\/\/sinafricabiz.com\/index.php\/wp-json\/wp\/v2\/media?parent=1847"}],"curies":[{"name":"wp","href":"https:\/\/api.w.org\/{rel}","templated":true}]}}