{"id":1589,"date":"2023-02-22T10:56:32","date_gmt":"2023-02-22T10:56:32","guid":{"rendered":"https:\/\/sinafricabiz.com\/?page_id=1589"},"modified":"2023-02-22T11:03:22","modified_gmt":"2023-02-22T11:03:22","slug":"materiel-et-outils-de-quincaillerie-machineset-equipements-electriques-etc-2","status":"publish","type":"page","link":"https:\/\/sinafricabiz.com\/index.php\/connection-aux-usines-chinoises\/listing-contacts-des-industries-chinoises\/materiel-et-outils-de-quincaillerie-machineset-equipements-electriques-etc-2\/","title":{"rendered":"Mat\u00e9riel et outils de quincaillerie, machineset equipements \u00e9lectriques, etc."},"content":{"rendered":"\t\t<div data-elementor-type=\"wp-page\" data-elementor-id=\"1589\" class=\"elementor elementor-1589\">\n\t\t\t\t\t\t<section class=\"elementor-section elementor-top-section elementor-element elementor-element-14e7bc4 elementor-section-boxed elementor-section-height-default elementor-section-height-default wpr-particle-no wpr-jarallax-no wpr-parallax-no wpr-sticky-section-no\" data-id=\"14e7bc4\" data-element_type=\"section\" data-e-type=\"section\">\n\t\t\t\t\t\t<div class=\"elementor-container elementor-column-gap-default\">\n\t\t\t\t\t<div class=\"elementor-column elementor-col-100 elementor-top-column elementor-element elementor-element-91e3353\" data-id=\"91e3353\" data-element_type=\"column\" data-e-type=\"column\">\n\t\t\t<div class=\"elementor-widget-wrap elementor-element-populated\">\n\t\t\t\t\t\t<div class=\"elementor-element elementor-element-49308ea elementor-widget elementor-widget-text-editor\" data-id=\"49308ea\" data-element_type=\"widget\" data-e-type=\"widget\" data-widget_type=\"text-editor.default\">\n\t\t\t\t<div class=\"elementor-widget-container\">\n\t\t\t\t\t\t\t\t\t<p><div class=\"swpm-partial-protection-msg\"><div class=\"swpm-partial-protection\"><span class=\"swpm-partial-protection-text\">veuillez mettre \u00e0 niveau votre abonnement pour acc\u00e9der \u00e0 ce contenu<\/span><\/div><\/div><\/p><h4>\u00a0<\/h4><h4>Pas encore enregistr\u00e9, cr\u00e9er votre compte et obtenez un abonnement gratuit<\/h4><p><a href=\"https:\/\/sinafricabiz.com\/index.php\/membership-join\/membership-registration\/\"><img decoding=\"async\" title=\"Join Now\" src=\"https:\/\/sinafricabiz.com\/wp-content\/plugins\/simple-membership\/images\/join-now-button-image.gif\" alt=\"Join Now Button\" width=\"277\" height=\"82\" \/><\/a><\/p>\t\t\t\t\t\t\t\t<\/div>\n\t\t\t\t<\/div>\n\t\t\t\t\t<\/div>\n\t\t<\/div>\n\t\t\t\t\t<\/div>\n\t\t<\/section>\n\t\t\t\t<\/div>\n\t\t","protected":false},"excerpt":{"rendered":"<p>Pas encore enregistr\u00e9, cr\u00e9er votre compte et obtenez un abonnement gratuit<\/p>\n","protected":false},"author":1,"featured_media":0,"parent":1525,"menu_order":0,"comment_status":"closed","ping_status":"closed","template":"","meta":{"footnotes":""},"class_list":["post-1589","page","type-page","status-publish","hentry"],"_links":{"self":[{"href":"https:\/\/sinafricabiz.com\/index.php\/wp-json\/wp\/v2\/pages\/1589","targetHints":{"allow":["GET"]}}],"collection":[{"href":"https:\/\/sinafricabiz.com\/index.php\/wp-json\/wp\/v2\/pages"}],"about":[{"href":"https:\/\/sinafricabiz.com\/index.php\/wp-json\/wp\/v2\/types\/page"}],"author":[{"embeddable":true,"href":"https:\/\/sinafricabiz.com\/index.php\/wp-json\/wp\/v2\/users\/1"}],"replies":[{"embeddable":true,"href":"https:\/\/sinafricabiz.com\/index.php\/wp-json\/wp\/v2\/comments?post=1589"}],"version-history":[{"count":4,"href":"https:\/\/sinafricabiz.com\/index.php\/wp-json\/wp\/v2\/pages\/1589\/revisions"}],"predecessor-version":[{"id":1594,"href":"https:\/\/sinafricabiz.com\/index.php\/wp-json\/wp\/v2\/pages\/1589\/revisions\/1594"}],"up":[{"embeddable":true,"href":"https:\/\/sinafricabiz.com\/index.php\/wp-json\/wp\/v2\/pages\/1525"}],"wp:attachment":[{"href":"https:\/\/sinafricabiz.com\/index.php\/wp-json\/wp\/v2\/media?parent=1589"}],"curies":[{"name":"wp","href":"https:\/\/api.w.org\/{rel}","templated":true}]}}